3 - d**2 - 18*d - 8. Let x be a(-14). What is the highest common factor of x and 25?
5
Suppose 3 = -q - h + 19, 3*h + 72 = 5*q. Suppose -q = -x + 21. Calculate the greatest common divisor of 24 and x.
12
Let z be 1/((4/15)/4). What is the greatest common divisor of z and 105?
15
Suppose -2*t - 55 = -2*g - 3*t, 5*t + 25 = 0. Suppose -x = -4*x + g. What is the highest common factor of 4 and x?
2
Let i(h) = 1. Let b(d) = d - 2. Let q(f) = 4*b(f) + 7*i(f). Let t = -4 - -6. Let k be q(t). Calculate the greatest common factor of k and 7.
7
Suppose 0*g - g = -12. Let i = -21 - -29. Let l(a) = a**2 - 7*a - 5. Let n be l(i). What is the greatest common divisor of n and g?
3
Suppose 3*b + 124 = 5*b + 2*o, 0 = -b + 4*o + 57. Let j = b + -41. Let f = 50 - j. What is the highest common factor of f and 12?
6
Let r be (-48)/10 + (-3)/15. Let d be (4/r)/((-2)/20). Let m be ((-2)/(-4))/(d/192). What is the greatest common divisor of m and 6?
6
Suppose 558 = 4*c + 194. Let d = c + 52. What is the greatest common factor of d and 13?
13
Let y = 69 - 37. Suppose 2*l + 7 = 3*b, 4*b + b - 5 = 5*l. What is the greatest common divisor of y and l?
4
Let j be (-2)/(-3 - -2) - -7. Let h be 0/(2/(1/(-1))). Let q be (h + (-18)/8)*-28. What is the greatest common factor of q and j?
9
Let k = 1 - -1. Suppose k*w + w = 138. Let l = w - -54. Calculate the highest common factor of l and 10.
10
Suppose 196 = 3*w + 49. What is the greatest common divisor of w and 539?
49
Let u be 64 + (0 - (2 - 1)). Let r = u + -23. Let p = 2 + 3. What is the highest common factor of p and r?
5
Let j be 4/((-7)/((-35)/2)). Let v be (j/(-8))/((-6)/24). Calculate the greatest common divisor of v and 25.
5
Suppose -5*m - 2*f - 8 = 2*f, -4*m - 2*f = 4. Suppose r - 20 = -m. Calculate the highest common factor of 160 and r.
20
Let u(n) = n**2 - 4*n + 4. Let r be u(3). Calculate the greatest common factor of r and 4.
1
Let h be (3 - (3 + -3)) + -1. Let c(r) = -r**3 - 2*r**2 - 4*r - 3. Let k be c(-2). What is the greatest common factor of h and k?
1
Let o be 287/6 + (-4)/(-24). Suppose 28 = 4*a - 5*a + 5*n, 2*a + 4*n + 14 = 0. Let i = a - -29. Calculate the highest common factor of o and i.
16
Suppose r = -r + 72. Suppose u = 5*u - r. What is the highest common divisor of u and 45?
9
Let u = 102 - 46. Let t = -3 + 7. Suppose c - 3*c + t = 0, 0 = 3*s + 3*c - 30. What is the highest common factor of u and s?
8
Let n be 16/(-56) - 2/(-7). Let p(j) = -j**2 + 4. Let l be p(n). Suppose -l*w = -77 + 5. Calculate the highest common divisor of 3 and w.
3
Let o be 1 + -1 + 0 + 25. Let p(x) = -x**3 - 10*x**2 + 11*x + 5. Let b be p(-11). What is the highest common divisor of b and o?
5
Suppose -5*l + 145 = 5*w, -w + 2*w - 5*l - 59 = 0. Calculate the highest common divisor of 17 and w.
17
Let r = 26 - 25. What is the highest common divisor of r and 5?
1
Suppose 0 = 3*w + 7 - 1. Let k be (-2)/8*w*66. What is the greatest common divisor of k and 22?
11
Suppose 0 = 15*z - 12*z - 357. What is the highest common divisor of 17 and z?
17
Let b = -4 + 49. What is the greatest common factor of b and 315?
45
Let p(n) = -14*n + 4. Let s be p(-3). Suppose 4*m = -2*y + 18, 6*y - 2*y = -2*m + 24. Let w be 117/y - (-2)/(-5). What is the highest common factor of s and w?
23
Let n be (13 - 0)/(-1 + 2). Let d = 78 - 13. What is the highest common factor of n and d?
13
Let c = 44 + -24. Calculate the highest common factor of c and 8.
4
Let s(y) = y - 1. Let f be s(3). Suppose -2 = -g + f. Suppose 0 = 4*x + g*o - 56, 0*o + 2*o - 6 = 0. Calculate the highest common factor of x and 11.
11
Let j = -12 + 17. Let m be (2/j)/(1/65). What is the highest common factor of 13 and m?
13
Suppose 0 = -3*q + 7*q - 12. Suppose -q*s = 2*m - 47, s - 79 = -4*s - 3*m. Calculate the greatest common factor of 85 and s.
17
Let n be (-204)/(-2 + 0) - -2. Let t = 45 + -32. What is the highest common factor of t and n?
13
Let y be (-16)/(-6) - (-1)/3. Let n be 1/(1 - (-3 + 524/132)). What is the highest common factor of n and y?
3
Suppose -c = -2 - 1. Let t = 8 - c. Let k be 4/4 - (2 - 11). Calculate the highest common factor of t and k.
5
Let s(l) = 9*l**2 - 6*l - 11. Let g(b) = -3*b**2 + 2*b + 4. Let d(y) = 17*g(y) + 6*s(y). Let o be d(-3). What is the highest common factor of o and 7?
7
Suppose 0 = -s, -5*s = -0*j + 3*j - 12. Suppose i - 420 = -j*i. Calculate the highest common factor of 21 and i.
21
Suppose -2*b - 4*u + 8 = 0, 3*b - u - 43 = -3. What is the highest common divisor of 30 and b?
6
Let n = -15 + 16. Let s(x) be the first derivative of 6*x**2 - x + 1. Let h be s(n). Calculate the highest common factor of 44 and h.
11
Suppose -g + 0 + 2 = 0. Suppose -g = 4*h - 10. Calculate the greatest common divisor of h and 5.
1
Let p be 4*1 - (4 + -2). Suppose -189 = y - p*y. What is the greatest common factor of y and 27?
27
Suppose -2310 = -9*z + 6*z. Let c = 6 - 20. Let n be (-4)/c + z/49. What is the greatest common factor of n and 48?
16
Let y(r) = r**3 + 6*r**2 - 3*r - 6. Let u be y(-5). Let v = 50 - u. Calculate the highest common divisor of 32 and v.
16
Let n = 8 + -3. Suppose 5*p + 98 - 13 = n*q, -q + 5*p + 13 = 0. Let k = 14 + -5. Calculate the highest common factor of q and k.
9
Let b = 41 + -23. Calculate the highest common divisor of 54 and b.
18
Suppose -150 = -3*s - 0*s. Suppose -2*n - 2 = 2. Let u = n + s. What is the greatest common divisor of 6 and u?
6
Suppose 3*k - 4*x - 177 = 0, 5*x + 62 - 3 = k. Let j = k - 39. What is the highest common divisor of j and 8?
4
Suppose 6*x - 61 + 19 = 0. Calculate the highest common divisor of x and 21.
7
Let b be (-10)/(-30) - ((-464)/(-6))/(-2). What is the greatest common factor of b and 39?
39
Let y(l) = 2*l - 12. Let t be y(7). Suppose -4*s + 20 = 0, -t*s + 101 = -5*g + 466. Calculate the highest common divisor of g and 15.
15
Suppose -7 = 2*c + 5*t - 77, -5*c = -2*t - 204. Let s = c - 0. What is the highest common factor of 100 and s?
20
Let k be -1*1*(-19 + -91). Calculate the highest common factor of 10 and k.
10
Let h(o) = -3*o**3 + o**2 + o. Let p be h(-1). Suppose -p*b + 4*b - 25 = 0. Calculate the highest common factor of b and 200.
25
Let q = -49 - -51. What is the highest common divisor of 6 and q?
2
Suppose 0 = -f + 4*r - 0*r + 27, 0 = -4*f - r + 23. Let c(i) = -i**2 + 8*i + 6. Let v be c(5). Calculate the highest common factor of f and v.
7
Suppose -6*y + 55 = -y. Suppose 10*a = 13*a - 198. What is the highest common factor of y and a?
11
Suppose -z = -7 + 2, 0 = b - 4*z + 6. Let t(j) = -31*j - 12. Let f be t(-4). Calculate the highest common factor of f and b.
14
Let l be (2/6)/(7/(-63))*-9. What is the highest common divisor of 27 and l?
27
Let s = 24 + -2. Suppose s + 20 = y. What is the greatest common divisor of 63 and y?
21
Let m be -30*2/(-3)*17. Suppose -4*w + m = 20. Calculate the highest common factor of w and 16.
16
Suppose 0 = 2*s - 20 - 18. Let w(x) = x**3 + 3*x**2 - 4*x - 1. Let a be w(4). Calculate the highest common divisor of s and a.
19
Suppose -2*h = -3*l - 401 + 83, 5*l + 173 = h. What is the highest common divisor of 34 and h?
17
Let s = 9 - 5. Let a be (-3)/2 + (-255)/(-6). Suppose 3*t - 4*x - s = 12, -a = -3*t - x. Calculate the greatest common divisor of 108 and t.
12
Let f = -22 - -26. Suppose -5 - 43 = -f*p. What is the greatest common factor of p and 48?
12
Suppose 51 = 5*a - 2*a - 3*t, 2*a - 19 = -t. Let y(z) = -z**3 + 8*z**2 + 5*z - 6. Let d be y(6). Calculate the greatest common factor of d and a.
12
Suppose -3*g + 31 = -5. Calculate the highest common divisor of 60 and g.
12
Suppose 3*n = 29 + 67. Let a be (3 + 0 + -2)/1. Let c be 1 + a + 1 - -77. What is the greatest common factor of c and n?
16
Let r = 23 + 5. Calculate the highest common factor of 4 and r.
4
Let y(s) = -4*s. Let r be y(-2). What is the greatest common factor of 56 and r?
8
Let s(f) = 4*f + 2. Let b be s(2). Let m = 27 - b. What is the greatest common factor of m and 136?
17
Let l(i) = 2*i**2 + 3*i - 5. Let y be l(-4). Suppose 0 = -v + 16 + 29. Calculate the greatest common factor of y and v.
15
Let u(r) = -r**3 + 4*r**2 + r. Let c be u(2). What is the highest common divisor of 140 and c?
10
Let c(w) = -w + 6 - 5*w - w**2 + 0*w. Let z be c(-5). Calculate the greatest common factor of z 